{"id":1080,"date":"2021-04-25T17:48:33","date_gmt":"2021-04-25T17:48:33","guid":{"rendered":"http:\/\/www.skinlabbyk.cz\/?page_id=1080"},"modified":"2025-02-18T12:52:07","modified_gmt":"2025-02-18T12:52:07","slug":"collagen-lifting-ritual","status":"publish","type":"page","link":"https:\/\/www.skinlabbyk.cz\/?page_id=1080&lang=cs","title":{"rendered":"ANTI-AGING RITUAL"},"content":{"rendered":"\t\t<div data-elementor-type=\"wp-page\" data-elementor-id=\"1080\" class=\"elementor elementor-1080\" data-elementor-settings=\"[]\">\n\t\t\t\t\t\t<div class=\"elementor-inner\">\n\t\t\t\t\t\t\t<div class=\"elementor-section-wrap\">\n\t\t\t\t\t\t\t<section class=\"elementor-section elementor-top-section elementor-element elementor-element-47a03f4 elementor-section-boxed elementor-section-height-default elementor-section-height-default\" data-id=\"47a03f4\" data-element_type=\"section\">\n\t\t\t\t\t\t<div class=\"elementor-container elementor-column-gap-default\">\n\t\t\t\t\t\t\t<div class=\"elementor-row\">\n\t\t\t\t\t<div class=\"elementor-column elementor-col-50 elementor-top-column elementor-element elementor-element-01733cc\" data-id=\"01733cc\" data-element_type=\"column\">\n\t\t\t<div class=\"elementor-column-wrap elementor-element-populated\">\n\t\t\t\t\t\t\t<div class=\"elementor-widget-wrap\">\n\t\t\t\t\t\t<div class=\"elementor-element elementor-element-4531234 elementor-widget elementor-widget-image\" data-id=\"4531234\" data-element_type=\"widget\" data-widget_type=\"image.default\">\n\t\t\t\t<div class=\"elementor-widget-container\">\n\t\t\t\t\t\t\t\t<div class=\"elementor-image\">\n\t\t\t\t\t\t\t\t\t\t\t\t<img loading=\"lazy\" decoding=\"async\" width=\"300\" height=\"300\" src=\"https:\/\/www.skinlabbyk.cz\/wp-content\/uploads\/2024\/10\/DSC_0808-Edit-300x300.jpg\" class=\"attachment-medium size-medium\" alt=\"\" srcset=\"https:\/\/www.skinlabbyk.cz\/wp-content\/uploads\/2024\/10\/DSC_0808-Edit-300x300.jpg 300w, https:\/\/www.skinlabbyk.cz\/wp-content\/uploads\/2024\/10\/DSC_0808-Edit-1024x1024.jpg 1024w, https:\/\/www.skinlabbyk.cz\/wp-content\/uploads\/2024\/10\/DSC_0808-Edit-150x150.jpg 150w, https:\/\/www.skinlabbyk.cz\/wp-content\/uploads\/2024\/10\/DSC_0808-Edit-768x768.jpg 768w, https:\/\/www.skinlabbyk.cz\/wp-content\/uploads\/2024\/10\/DSC_0808-Edit.jpg 1080w\" sizes=\"auto, (max-width: 300px) 100vw, 300px\" \/>\t\t\t\t\t\t\t\t\t\t\t\t\t\t<\/div>\n\t\t\t\t\t\t<\/div>\n\t\t\t\t<\/div>\n\t\t\t\t<div class=\"elementor-element elementor-element-2e9d96d elementor-widget elementor-widget-text-editor\" data-id=\"2e9d96d\" data-element_type=\"widget\" data-widget_type=\"text-editor.default\">\n\t\t\t\t<div class=\"elementor-widget-container\">\n\t\t\t\t\t\t\t\t<div class=\"elementor-text-editor elementor-clearfix\">\n\t\t\t\t\t\t\t\t\t<\/div>\n\t\t\t\t\t\t<\/div>\n\t\t\t\t<\/div>\n\t\t\t\t\t\t<\/div>\n\t\t\t\t\t<\/div>\n\t\t<\/div>\n\t\t\t\t<div class=\"elementor-column elementor-col-50 elementor-top-column elementor-element elementor-element-e9ede52\" data-id=\"e9ede52\" data-element_type=\"column\">\n\t\t\t<div class=\"elementor-column-wrap elementor-element-populated\">\n\t\t\t\t\t\t\t<div class=\"elementor-widget-wrap\">\n\t\t\t\t\t\t<div class=\"elementor-element elementor-element-bd980ca elementor-widget elementor-widget-text-editor\" data-id=\"bd980ca\" data-element_type=\"widget\" data-widget_type=\"text-editor.default\">\n\t\t\t\t<div class=\"elementor-widget-container\">\n\t\t\t\t\t\t\t\t<div class=\"elementor-text-editor elementor-clearfix\">\n\t\t\t\t<p><span style=\"color: #000000;\"><strong>ANTI-AGING RITUAL<\/strong><\/span><\/p><p><span style=\"color: #000000;\">Stimulace povadl\u00fdch obli\u010dejov\u00fdch sval\u016f, oprava ko\u017en\u00edch tk\u00e1n\u00ed, zjemn\u011bn\u00ed jemn\u00fdch lini\u00ed a vr\u00e1sek.<\/span><\/p><p><span style=\"color: #000000;\">O\u0161et\u0159en\u00ed dod\u00e1 pru\u017enost, obnovu, detoxikaci unaven\u00e9 a zral\u00e9 pleti. D\u00edky p\u0159\u00edpravn\u00e9mu \u010di\u0161t\u011bn\u00ed, aplikaci peeling\u016f AHA, BHA, PHA kyselin, aktivn\u00edch s\u00e9r a liftingov\u00fdch mas\u00e1\u017en\u00edch tah\u016f spolu s omlazuj\u00edc\u00edm olejem budou kontury obnoveny, ple\u0165 z\u00edsk\u00e1 svou plnost a pru\u017enost. Koncentrovan\u00e9 l\u00e1tky jsou zaktivov\u00e1ny p\u0159\u00edstrojovou technikou. O\u010dek\u00e1vat m\u016f\u017eete tak\u00e9 liftingovou p\u00e9\u010di o\u010dn\u00edch kontur, krku, dekoltu nebo \u0161\u00edje.<\/span><\/p><p><span style=\"color: #000000;\">K tomuto o\u0161et\u0159en\u00ed se pro vy\u0161\u0161\u00ed exfoliaci, celkov\u00e9 zjemn\u011bn\u00ed a lep\u0161\u00ed penetraci l\u00e1tek do pleti doporu\u010duje <strong>Chemick\u00fd peeling<\/strong> nebo <strong>Dermaplaning<\/strong> (odstran\u011bn\u00ed chloupk\u016f pomoc\u00ed \u010depele).<\/span><\/p><p><span style=\"color: #000000;\">Pro ty, kte\u0159\u00ed vy\u017eaduj\u00ed \u0161okov\u00e9 o\u0161et\u0159en\u00ed pomoc\u00ed aktivn\u00edch l\u00e1tek o vysok\u00fdch d\u00e1vk\u00e1ch pro rychle a viditeln\u00e9 v\u00fdsledky.<\/span><\/p><p><span style=\"color: #000000;\">Vhodn\u00e9 jako p\u0159irozen\u00e1 alternativa k chirurgick\u00fdm z\u00e1krok\u016fm anebo kombinace s neinvazivn\u00edmi estetick\u00fdmi o\u0161et\u0159en\u00edmi.<\/span><\/p><p><span style=\"color: #000000;\"><strong>Benefity o\u0161et\u0159en\u00ed:<\/strong><\/span><\/p><ul><li><span style=\"color: #000000;\">Sn\u00ed\u017een\u00ed v\u00fdskytu jemn\u00fdch linek a vr\u00e1sek.<\/span><\/li><li><span style=\"color: #000000;\">Zlep\u0161en\u00e1 textura a elasticita poko\u017eky.<\/span><\/li><li><span style=\"color: #000000;\">Pos\u00edlen\u00e1 hydratace a mladistv\u00fd vzhled.<\/span><\/li><\/ul><p><span style=\"color: #000000;\">Toto o\u0161et\u0159en\u00ed je ide\u00e1ln\u00ed pro ka\u017ed\u00e9ho, kdo chce bojovat proti zn\u00e1mk\u00e1m st\u00e1rnut\u00ed a omladit svou ple\u0165!<\/span><\/p><p><span style=\"color: #000000;\"><strong>Tip:<\/strong> Pokud hled\u00e1te intenzivn\u011bj\u0161\u00ed typ kosmetick\u00e9ho o\u0161et\u0159en\u00ed, Skinlab by K doporu\u010duje n\u00e1sleduj\u00edc\u00ed sezen\u00ed:<\/span><\/p><ul><li><a href=\"https:\/\/www.skinlabbyk.cz\/?page_id=8279&amp;lang=cs\"><span style=\"color: #000000;\"><strong>Terapie s exosomy\u00a0 <\/strong><\/span><span style=\"color: #000000;\"><strong>\u00a0<\/strong><\/span><\/a><\/li><li><span style=\"color: #000000;\"><strong><a style=\"color: #000000;\" href=\"https:\/\/www.skinlabbyk.cz\/?page_id=8584&amp;lang=cs\">Biorevitalizace s Polynukleotidy<\/a><\/strong><\/span><\/li><li><span style=\"color: #000000;\"><a style=\"color: #000000;\" href=\"https:\/\/www.skinlabbyk.cz\/?page_id=1121&amp;lang=cs\"><strong>Mikrospekul\u00e1rn\u00ed o\u0161et\u0159en\u00ed jehlami\u00a0<\/strong><\/a><\/span><\/li><li><a href=\"https:\/\/www.skinlabbyk.cz\/?page_id=1148&amp;lang=cs\"><span style=\"color: #000000;\"><strong>Neinvazivn\u00ed mezoterapie<\/strong><\/span><\/a><\/li><li><span style=\"color: #000000;\"><strong>Hloubkov\u00e1 revitalizaci pleti<\/strong><\/span><\/li><li><span style=\"color: #000000;\"><a style=\"color: #000000;\" href=\"https:\/\/www.skinlabbyk.cz\/?page_id=2363&amp;lang=cs\"><strong>Antiaging stem cells therapy (o\u0161et\u0159en\u00ed kmenov\u00fdmi bu\u0148kami)<\/strong><\/a><\/span><\/li><\/ul>\t\t\t\t\t<\/div>\n\t\t\t\t\t\t<\/div>\n\t\t\t\t<\/div>\n\t\t\t\t\t\t<\/div>\n\t\t\t\t\t<\/div>\n\t\t<\/div>\n\t\t\t\t\t\t\t\t<\/div>\n\t\t\t\t\t<\/div>\n\t\t<\/section>\n\t\t\t\t\t\t<\/div>\n\t\t\t\t\t\t<\/div>\n\t\t\t\t\t<\/div>\n\t\t","protected":false},"excerpt":{"rendered":"<p>ANTI-AGING RITUAL Stimulace povadl\u00fdch obli\u010dejov\u00fdch sval\u016f, oprava ko\u017en\u00edch tk\u00e1n\u00ed, zjemn\u011bn\u00ed jemn\u00fdch lini\u00ed a [&hellip;]<\/p>\n","protected":false},"author":1,"featured_media":0,"parent":0,"menu_order":0,"comment_status":"closed","ping_status":"closed","template":"","meta":{"footnotes":""},"class_list":["post-1080","page","type-page","status-publish","hentry"],"_links":{"self":[{"href":"https:\/\/www.skinlabbyk.cz\/index.php?rest_route=\/wp\/v2\/pages\/1080","targetHints":{"allow":["GET"]}}],"collection":[{"href":"https:\/\/www.skinlabbyk.cz\/index.php?rest_route=\/wp\/v2\/pages"}],"about":[{"href":"https:\/\/www.skinlabbyk.cz\/index.php?rest_route=\/wp\/v2\/types\/page"}],"author":[{"embeddable":true,"href":"https:\/\/www.skinlabbyk.cz\/index.php?rest_route=\/wp\/v2\/users\/1"}],"replies":[{"embeddable":true,"href":"https:\/\/www.skinlabbyk.cz\/index.php?rest_route=%2Fwp%2Fv2%2Fcomments&post=1080"}],"version-history":[{"count":195,"href":"https:\/\/www.skinlabbyk.cz\/index.php?rest_route=\/wp\/v2\/pages\/1080\/revisions"}],"predecessor-version":[{"id":9810,"href":"https:\/\/www.skinlabbyk.cz\/index.php?rest_route=\/wp\/v2\/pages\/1080\/revisions\/9810"}],"wp:attachment":[{"href":"https:\/\/www.skinlabbyk.cz\/index.php?rest_route=%2Fwp%2Fv2%2Fmedia&parent=1080"}],"curies":[{"name":"wp","href":"https:\/\/api.w.org\/{rel}","templated":true}]}}