{"id":11427,"date":"2025-05-29T14:37:27","date_gmt":"2025-05-29T14:37:27","guid":{"rendered":"https:\/\/www.skinlabbyk.cz\/?page_id=11427"},"modified":"2025-12-28T18:40:44","modified_gmt":"2025-12-28T18:40:44","slug":"specialni-akce","status":"publish","type":"page","link":"https:\/\/www.skinlabbyk.cz\/?page_id=11427&lang=cs","title":{"rendered":"SPECI\u00c1LN\u00cd NAB\u00cdDKA"},"content":{"rendered":"\t\t<div data-elementor-type=\"wp-page\" data-elementor-id=\"11427\" class=\"elementor elementor-11427\" data-elementor-settings=\"[]\">\n\t\t\t\t\t\t<div class=\"elementor-inner\">\n\t\t\t\t\t\t\t<div class=\"elementor-section-wrap\">\n\t\t\t\t\t\t\t<section class=\"elementor-section elementor-top-section elementor-element elementor-element-8b5ae92 elementor-section-boxed elementor-section-height-default elementor-section-height-default\" data-id=\"8b5ae92\" data-element_type=\"section\">\n\t\t\t\t\t\t<div class=\"elementor-container elementor-column-gap-default\">\n\t\t\t\t\t\t\t<div class=\"elementor-row\">\n\t\t\t\t\t<div class=\"elementor-column elementor-col-100 elementor-top-column elementor-element elementor-element-aa11734\" data-id=\"aa11734\" data-element_type=\"column\">\n\t\t\t<div class=\"elementor-column-wrap elementor-element-populated\">\n\t\t\t\t\t\t\t<div class=\"elementor-widget-wrap\">\n\t\t\t\t\t\t<div class=\"elementor-element elementor-element-ce56006 elementor-widget elementor-widget-image\" data-id=\"ce56006\" data-element_type=\"widget\" data-widget_type=\"image.default\">\n\t\t\t\t<div class=\"elementor-widget-container\">\n\t\t\t\t\t\t\t\t<div class=\"elementor-image\">\n\t\t\t\t\t\t\t\t\t<figure class=\"wp-caption\">\n\t\t\t\t\t\t\t\t\t\t\t<a href=\"https:\/\/www.fresha.com\/book-now\/skinlab-by-k-br8k55f9\/services?lid=1441788&#038;eid=3270149&#038;oiid=sv%3A25815055&#038;share=true&#038;pId=1369256\">\n\t\t\t\t\t\t\t<img loading=\"lazy\" decoding=\"async\" width=\"768\" height=\"432\" src=\"https:\/\/www.skinlabbyk.cz\/wp-content\/uploads\/2025\/12\/Brown-and-Beige-Minimalist-Natural-Skincare-Product-Presentation-7-768x432.jpg\" class=\"attachment-medium_large size-medium_large\" alt=\"\" srcset=\"https:\/\/www.skinlabbyk.cz\/wp-content\/uploads\/2025\/12\/Brown-and-Beige-Minimalist-Natural-Skincare-Product-Presentation-7-768x432.jpg 768w, https:\/\/www.skinlabbyk.cz\/wp-content\/uploads\/2025\/12\/Brown-and-Beige-Minimalist-Natural-Skincare-Product-Presentation-7-300x169.jpg 300w, https:\/\/www.skinlabbyk.cz\/wp-content\/uploads\/2025\/12\/Brown-and-Beige-Minimalist-Natural-Skincare-Product-Presentation-7-1024x576.jpg 1024w, https:\/\/www.skinlabbyk.cz\/wp-content\/uploads\/2025\/12\/Brown-and-Beige-Minimalist-Natural-Skincare-Product-Presentation-7-1536x864.jpg 1536w, https:\/\/www.skinlabbyk.cz\/wp-content\/uploads\/2025\/12\/Brown-and-Beige-Minimalist-Natural-Skincare-Product-Presentation-7.jpg 1920w\" sizes=\"auto, (max-width: 768px) 100vw, 768px\" \/>\t\t\t\t\t\t\t\t<\/a>\n\t\t\t\t\t\t\t\t\t\t\t<figcaption class=\"widget-image-caption wp-caption-text\"><\/figcaption>\n\t\t\t\t\t\t\t\t\t\t<\/figure>\n\t\t\t\t\t\t\t\t<\/div>\n\t\t\t\t\t\t<\/div>\n\t\t\t\t<\/div>\n\t\t\t\t\t\t<\/div>\n\t\t\t\t\t<\/div>\n\t\t<\/div>\n\t\t\t\t\t\t\t\t<\/div>\n\t\t\t\t\t<\/div>\n\t\t<\/section>\n\t\t\t\t<section class=\"elementor-section elementor-top-section elementor-element elementor-element-9c63839 elementor-section-boxed elementor-section-height-default elementor-section-height-default\" data-id=\"9c63839\" data-element_type=\"section\">\n\t\t\t\t\t\t<div class=\"elementor-container elementor-column-gap-default\">\n\t\t\t\t\t\t\t<div class=\"elementor-row\">\n\t\t\t\t\t<div class=\"elementor-column elementor-col-100 elementor-top-column elementor-element elementor-element-501cf71\" data-id=\"501cf71\" data-element_type=\"column\">\n\t\t\t<div class=\"elementor-column-wrap elementor-element-populated\">\n\t\t\t\t\t\t\t<div class=\"elementor-widget-wrap\">\n\t\t\t\t\t\t<div class=\"elementor-element elementor-element-c04a5d0 elementor-widget elementor-widget-text-editor\" data-id=\"c04a5d0\" data-element_type=\"widget\" data-widget_type=\"text-editor.default\">\n\t\t\t\t<div class=\"elementor-widget-container\">\n\t\t\t\t\t\t\t\t<div class=\"elementor-text-editor elementor-clearfix\">\n\t\t\t\t<p style=\"text-align: center;\"><span style=\"color: #000000;\">Regenera\u010dn\u00ed Exo-Glow Peel.<\/span><\/p><p style=\"text-align: center;\"><span style=\"color: #000000;\">Revoluce v p\u00e9\u010di o ple\u0165. Kombinujeme s\u00edlu <strong>chemick\u00e9ho peelingu<\/strong> s <strong>Exozomy<\/strong> a sv\u011bteln\u00e9 terapie <strong>Derma Bio light<\/strong> pro viditeln\u011b hlad\u0161\u00ed, pevn\u011bj\u0161\u00ed a z\u00e1\u0159iv\u011bj\u0161\u00ed ple\u0165.<\/span><\/p><p style=\"text-align: center;\"><span style=\"color: #000000;\">Po\u010det doporu\u010den\u00fdch o\u0161et\u0159en\u00ed: 3 n\u00e1v\u0161t\u011bvy.<\/span><\/p><p style=\"text-align: center;\"><span style=\"color: #000000;\">D\u00e9lka o\u0161et\u0159en\u00ed: 50 minut<\/span><\/p><p style=\"text-align: center;\"><span style=\"color: #000000;\">Cena: 2.700 CZK<\/span><\/p><p style=\"text-align: center;\"><span style=\"color: #000000;\">Nab\u00eddka je platn\u00e1 od 29. 12. 2025.<\/span><\/p><p style=\"text-align: center;\"><span style=\"color: #000000;\">Rezervaci lze prov\u00e9st v rezerva\u010dn\u00edm syst\u00e9mu nebo na telefonn\u00edm \u010d\u00edsle 730 191 066.<\/span><\/p>\t\t\t\t\t<\/div>\n\t\t\t\t\t\t<\/div>\n\t\t\t\t<\/div>\n\t\t\t\t\t\t<\/div>\n\t\t\t\t\t<\/div>\n\t\t<\/div>\n\t\t\t\t\t\t\t\t<\/div>\n\t\t\t\t\t<\/div>\n\t\t<\/section>\n\t\t\t\t\t\t<\/div>\n\t\t\t\t\t\t<\/div>\n\t\t\t\t\t<\/div>\n\t\t","protected":false},"excerpt":{"rendered":"<p>Regenera\u010dn\u00ed Exo-Glow Peel. Revoluce v p\u00e9\u010di o ple\u0165. Kombinujeme s\u00edlu chemick\u00e9ho peelingu s [&hellip;]<\/p>\n","protected":false},"author":1,"featured_media":0,"parent":0,"menu_order":0,"comment_status":"closed","ping_status":"closed","template":"","meta":{"footnotes":""},"class_list":["post-11427","page","type-page","status-publish","hentry"],"_links":{"self":[{"href":"https:\/\/www.skinlabbyk.cz\/index.php?rest_route=\/wp\/v2\/pages\/11427","targetHints":{"allow":["GET"]}}],"collection":[{"href":"https:\/\/www.skinlabbyk.cz\/index.php?rest_route=\/wp\/v2\/pages"}],"about":[{"href":"https:\/\/www.skinlabbyk.cz\/index.php?rest_route=\/wp\/v2\/types\/page"}],"author":[{"embeddable":true,"href":"https:\/\/www.skinlabbyk.cz\/index.php?rest_route=\/wp\/v2\/users\/1"}],"replies":[{"embeddable":true,"href":"https:\/\/www.skinlabbyk.cz\/index.php?rest_route=%2Fwp%2Fv2%2Fcomments&post=11427"}],"version-history":[{"count":326,"href":"https:\/\/www.skinlabbyk.cz\/index.php?rest_route=\/wp\/v2\/pages\/11427\/revisions"}],"predecessor-version":[{"id":14274,"href":"https:\/\/www.skinlabbyk.cz\/index.php?rest_route=\/wp\/v2\/pages\/11427\/revisions\/14274"}],"wp:attachment":[{"href":"https:\/\/www.skinlabbyk.cz\/index.php?rest_route=%2Fwp%2Fv2%2Fmedia&parent=11427"}],"curies":[{"name":"wp","href":"https:\/\/api.w.org\/{rel}","templated":true}]}}