{"id":1169,"date":"2021-04-26T12:28:22","date_gmt":"2021-04-26T12:28:22","guid":{"rendered":"http:\/\/www.skinlabbyk.cz\/?page_id=1169"},"modified":"2025-12-26T22:16:37","modified_gmt":"2025-12-26T22:16:37","slug":"doplnkove-sluzby","status":"publish","type":"page","link":"https:\/\/www.skinlabbyk.cz\/?page_id=1169&lang=cs","title":{"rendered":"PRODEJ DOM\u00c1C\u00cd P\u00c9\u010cE \/ DOPL\u0147KOV\u00c9 SLU\u017dBY"},"content":{"rendered":"\t\t<div data-elementor-type=\"wp-page\" data-elementor-id=\"1169\" class=\"elementor elementor-1169\" data-elementor-settings=\"[]\">\n\t\t\t\t\t\t<div class=\"elementor-inner\">\n\t\t\t\t\t\t\t<div class=\"elementor-section-wrap\">\n\t\t\t\t\t\t\t<section class=\"elementor-section elementor-top-section elementor-element elementor-element-2e00bf8 elementor-section-boxed elementor-section-height-default elementor-section-height-default\" data-id=\"2e00bf8\" data-element_type=\"section\">\n\t\t\t\t\t\t<div class=\"elementor-container elementor-column-gap-default\">\n\t\t\t\t\t\t\t<div class=\"elementor-row\">\n\t\t\t\t\t<div class=\"elementor-column elementor-col-50 elementor-top-column elementor-element elementor-element-7c803fc\" data-id=\"7c803fc\" data-element_type=\"column\">\n\t\t\t<div class=\"elementor-column-wrap elementor-element-populated\">\n\t\t\t\t\t\t\t<div class=\"elementor-widget-wrap\">\n\t\t\t\t\t\t<div class=\"elementor-element elementor-element-3a8d28d elementor-widget elementor-widget-text-editor\" data-id=\"3a8d28d\" data-element_type=\"widget\" data-widget_type=\"text-editor.default\">\n\t\t\t\t<div class=\"elementor-widget-container\">\n\t\t\t\t\t\t\t\t<div class=\"elementor-text-editor elementor-clearfix\">\n\t\t\t\t<h5><strong><span style=\"color: #000000;\">P\u00c9\u010cE O OBO\u010c\u00cd A \u0158ASY<\/span><\/strong><\/h5><h5><span style=\"color: #000000;\">Laminace obo\u010d\u00ed\/ brow lift, barven\u00ed, botox (\u00faprava, tvarov\u00e1n\u00ed a fixace obo\u010d\u00ed, kter\u00e1 vydr\u017e\u00ed 6 &#8211; 8 t\u00fddn\u016f).<\/span><\/h5><h5>\u00a0<\/h5><h5><strong><span style=\"color: #000000;\">DOPL\u0147KOV\u00c9 SLU\u017dBY (v r\u00e1mci kosmetick\u00e9ho o\u0161et\u0159en\u00ed)<\/span><\/strong><\/h5><h5><span style=\"color: #000000;\">Dermaplaning<\/span><\/h5><h5><span style=\"color: #000000;\">O\u0161et\u0159en\u00ed ozoniz\u00e9rem\u00a0<\/span><\/h5><h5><span style=\"color: #000000;\">Sv\u011bteln\u00e1 terapie Bio Derma &#8211; Light<\/span><\/h5><h5><span style=\"color: #000000;\">Ultrazvukov\u00e9 \u010di\u0161t\u011bn\u00ed pleti s PANESTETIC<\/span><\/h5><h5><span style=\"color: #000000;\">Hydrata\u010dn\u00ed paraf\u00ednov\u00fd z\u00e1bal nohou a rukou<\/span><\/h5><h5><span style=\"color: #000000;\">\u00daprava a barven\u00ed obo\u010d\u00ed a \u0159as<\/span><\/h5><h5>\u00a0<\/h5><h5><strong><span style=\"color: #000000;\">SPOLUPR\u00c1CE A PRODEJ KOSMETICK\u00ddCH ZNA\u010cEK<\/span><\/strong><\/h5><h5><span style=\"color: #000000;\">Medik8<\/span><\/h5><h5><span style=\"color: #000000;\">Skeyndor<\/span><\/h5><h5><span style=\"color: #000000;\">Idenel\u00a0<\/span><\/h5><h5><span style=\"color: #000000;\">Dr. Ron Kadir<\/span><\/h5><h5><span style=\"color: #000000;\">Mesosystem mccm<\/span><\/h5>\t\t\t\t\t<\/div>\n\t\t\t\t\t\t<\/div>\n\t\t\t\t<\/div>\n\t\t\t\t\t\t<\/div>\n\t\t\t\t\t<\/div>\n\t\t<\/div>\n\t\t\t\t<div class=\"elementor-column elementor-col-50 elementor-top-column elementor-element elementor-element-7dec80b\" data-id=\"7dec80b\" data-element_type=\"column\">\n\t\t\t<div class=\"elementor-column-wrap elementor-element-populated\">\n\t\t\t\t\t\t\t<div class=\"elementor-widget-wrap\">\n\t\t\t\t\t\t<div class=\"elementor-element elementor-element-82b826d elementor-widget elementor-widget-image\" data-id=\"82b826d\" data-element_type=\"widget\" data-widget_type=\"image.default\">\n\t\t\t\t<div class=\"elementor-widget-container\">\n\t\t\t\t\t\t\t\t<div class=\"elementor-image\">\n\t\t\t\t\t\t\t\t\t<figure class=\"wp-caption\">\n\t\t\t\t\t\t\t\t\t\t<img loading=\"lazy\" decoding=\"async\" width=\"768\" height=\"765\" src=\"https:\/\/www.skinlabbyk.cz\/wp-content\/uploads\/2024\/09\/IMG_3209-768x765.jpeg\" class=\"attachment-medium_large size-medium_large\" alt=\"\" srcset=\"https:\/\/www.skinlabbyk.cz\/wp-content\/uploads\/2024\/09\/IMG_3209-768x765.jpeg 768w, https:\/\/www.skinlabbyk.cz\/wp-content\/uploads\/2024\/09\/IMG_3209-300x300.jpeg 300w, https:\/\/www.skinlabbyk.cz\/wp-content\/uploads\/2024\/09\/IMG_3209-1024x1020.jpeg 1024w, https:\/\/www.skinlabbyk.cz\/wp-content\/uploads\/2024\/09\/IMG_3209-150x150.jpeg 150w, https:\/\/www.skinlabbyk.cz\/wp-content\/uploads\/2024\/09\/IMG_3209.jpeg 1083w\" sizes=\"auto, (max-width: 768px) 100vw, 768px\" \/>\t\t\t\t\t\t\t\t\t\t\t<figcaption class=\"widget-image-caption wp-caption-text\"><\/figcaption>\n\t\t\t\t\t\t\t\t\t\t<\/figure>\n\t\t\t\t\t\t\t\t<\/div>\n\t\t\t\t\t\t<\/div>\n\t\t\t\t<\/div>\n\t\t\t\t<div class=\"elementor-element elementor-element-56bf895 elementor-widget elementor-widget-image\" data-id=\"56bf895\" data-element_type=\"widget\" data-widget_type=\"image.default\">\n\t\t\t\t<div class=\"elementor-widget-container\">\n\t\t\t\t\t\t\t\t<div class=\"elementor-image\">\n\t\t\t\t\t\t\t\t\t\t\t\t<img loading=\"lazy\" decoding=\"async\" width=\"768\" height=\"1027\" src=\"https:\/\/www.skinlabbyk.cz\/wp-content\/uploads\/2024\/09\/OBOCI-768x1027.png\" class=\"attachment-medium_large size-medium_large\" alt=\"\" srcset=\"https:\/\/www.skinlabbyk.cz\/wp-content\/uploads\/2024\/09\/OBOCI-768x1027.png 768w, https:\/\/www.skinlabbyk.cz\/wp-content\/uploads\/2024\/09\/OBOCI-224x300.png 224w, https:\/\/www.skinlabbyk.cz\/wp-content\/uploads\/2024\/09\/OBOCI-766x1024.png 766w, https:\/\/www.skinlabbyk.cz\/wp-content\/uploads\/2024\/09\/OBOCI-1149x1536.png 1149w, https:\/\/www.skinlabbyk.cz\/wp-content\/uploads\/2024\/09\/OBOCI.png 1178w\" sizes=\"auto, (max-width: 768px) 100vw, 768px\" \/>\t\t\t\t\t\t\t\t\t\t\t\t\t\t<\/div>\n\t\t\t\t\t\t<\/div>\n\t\t\t\t<\/div>\n\t\t\t\t\t\t<\/div>\n\t\t\t\t\t<\/div>\n\t\t<\/div>\n\t\t\t\t\t\t\t\t<\/div>\n\t\t\t\t\t<\/div>\n\t\t<\/section>\n\t\t\t\t\t\t<\/div>\n\t\t\t\t\t\t<\/div>\n\t\t\t\t\t<\/div>\n\t\t","protected":false},"excerpt":{"rendered":"<p>P\u00c9\u010cE O OBO\u010c\u00cd A \u0158ASY Laminace obo\u010d\u00ed\/ brow lift, barven\u00ed, botox (\u00faprava, tvarov\u00e1n\u00ed [&hellip;]<\/p>\n","protected":false},"author":1,"featured_media":0,"parent":0,"menu_order":0,"comment_status":"closed","ping_status":"closed","template":"","meta":{"footnotes":""},"class_list":["post-1169","page","type-page","status-publish","hentry"],"_links":{"self":[{"href":"https:\/\/www.skinlabbyk.cz\/index.php?rest_route=\/wp\/v2\/pages\/1169","targetHints":{"allow":["GET"]}}],"collection":[{"href":"https:\/\/www.skinlabbyk.cz\/index.php?rest_route=\/wp\/v2\/pages"}],"about":[{"href":"https:\/\/www.skinlabbyk.cz\/index.php?rest_route=\/wp\/v2\/types\/page"}],"author":[{"embeddable":true,"href":"https:\/\/www.skinlabbyk.cz\/index.php?rest_route=\/wp\/v2\/users\/1"}],"replies":[{"embeddable":true,"href":"https:\/\/www.skinlabbyk.cz\/index.php?rest_route=%2Fwp%2Fv2%2Fcomments&post=1169"}],"version-history":[{"count":334,"href":"https:\/\/www.skinlabbyk.cz\/index.php?rest_route=\/wp\/v2\/pages\/1169\/revisions"}],"predecessor-version":[{"id":15340,"href":"https:\/\/www.skinlabbyk.cz\/index.php?rest_route=\/wp\/v2\/pages\/1169\/revisions\/15340"}],"wp:attachment":[{"href":"https:\/\/www.skinlabbyk.cz\/index.php?rest_route=%2Fwp%2Fv2%2Fmedia&parent=1169"}],"curies":[{"name":"wp","href":"https:\/\/api.w.org\/{rel}","templated":true}]}}