{"id":20,"date":"2020-10-07T18:09:15","date_gmt":"2020-10-07T18:09:15","guid":{"rendered":"http:\/\/www.skinlabbyk.cz\/?page_id=20"},"modified":"2026-04-14T10:25:37","modified_gmt":"2026-04-14T10:25:37","slug":"procedury","status":"publish","type":"page","link":"https:\/\/www.skinlabbyk.cz\/?page_id=20","title":{"rendered":"O\u0160ET\u0158EN\u00cd SKINLAB BY K"},"content":{"rendered":"\t\t<div data-elementor-type=\"wp-page\" data-elementor-id=\"20\" class=\"elementor elementor-20\" data-elementor-settings=\"[]\">\n\t\t\t\t\t\t<div class=\"elementor-inner\">\n\t\t\t\t\t\t\t<div class=\"elementor-section-wrap\">\n\t\t\t\t\t\t\t<section class=\"elementor-section elementor-top-section elementor-element elementor-element-778ddd1 elementor-section-boxed elementor-section-height-default elementor-section-height-default\" data-id=\"778ddd1\" data-element_type=\"section\">\n\t\t\t\t\t\t<div class=\"elementor-container elementor-column-gap-default\">\n\t\t\t\t\t\t\t<div class=\"elementor-row\">\n\t\t\t\t\t<div class=\"elementor-column elementor-col-50 elementor-top-column elementor-element elementor-element-c051ea8\" data-id=\"c051ea8\" data-element_type=\"column\">\n\t\t\t<div class=\"elementor-column-wrap elementor-element-populated\">\n\t\t\t\t\t\t\t<div class=\"elementor-widget-wrap\">\n\t\t\t\t\t\t<div class=\"elementor-element elementor-element-2e59b96 elementor-widget elementor-widget-image\" data-id=\"2e59b96\" data-element_type=\"widget\" data-widget_type=\"image.default\">\n\t\t\t\t<div class=\"elementor-widget-container\">\n\t\t\t\t\t\t\t\t<div class=\"elementor-image\">\n\t\t\t\t\t\t\t\t\t\t\t\t\t<a href=\"https:\/\/www.skinlabbyk.cz\/?page_id=1037&#038;lang=cs\">\n\t\t\t\t\t\t\t<img loading=\"lazy\" decoding=\"async\" width=\"768\" height=\"432\" src=\"https:\/\/www.skinlabbyk.cz\/wp-content\/uploads\/2026\/04\/Brown-and-Beige-Minimalist-Natural-Skincare-Product-Presentation-13-768x432.jpg\" class=\"attachment-medium_large size-medium_large\" alt=\"\" srcset=\"https:\/\/www.skinlabbyk.cz\/wp-content\/uploads\/2026\/04\/Brown-and-Beige-Minimalist-Natural-Skincare-Product-Presentation-13-768x432.jpg 768w, https:\/\/www.skinlabbyk.cz\/wp-content\/uploads\/2026\/04\/Brown-and-Beige-Minimalist-Natural-Skincare-Product-Presentation-13-300x169.jpg 300w, https:\/\/www.skinlabbyk.cz\/wp-content\/uploads\/2026\/04\/Brown-and-Beige-Minimalist-Natural-Skincare-Product-Presentation-13-1024x576.jpg 1024w, https:\/\/www.skinlabbyk.cz\/wp-content\/uploads\/2026\/04\/Brown-and-Beige-Minimalist-Natural-Skincare-Product-Presentation-13-1536x864.jpg 1536w, https:\/\/www.skinlabbyk.cz\/wp-content\/uploads\/2026\/04\/Brown-and-Beige-Minimalist-Natural-Skincare-Product-Presentation-13.jpg 1920w\" sizes=\"auto, (max-width: 768px) 100vw, 768px\" \/>\t\t\t\t\t\t\t\t<\/a>\n\t\t\t\t\t\t\t\t\t\t\t\t\t\t<\/div>\n\t\t\t\t\t\t<\/div>\n\t\t\t\t<\/div>\n\t\t\t\t\t\t<\/div>\n\t\t\t\t\t<\/div>\n\t\t<\/div>\n\t\t\t\t<div class=\"elementor-column elementor-col-50 elementor-top-column elementor-element elementor-element-a2352bb\" data-id=\"a2352bb\" data-element_type=\"column\">\n\t\t\t<div class=\"elementor-column-wrap elementor-element-populated\">\n\t\t\t\t\t\t\t<div class=\"elementor-widget-wrap\">\n\t\t\t\t\t\t<div class=\"elementor-element elementor-element-02421d7 elementor-widget elementor-widget-image\" data-id=\"02421d7\" data-element_type=\"widget\" data-widget_type=\"image.default\">\n\t\t\t\t<div class=\"elementor-widget-container\">\n\t\t\t\t\t\t\t\t<div class=\"elementor-image\">\n\t\t\t\t\t\t\t\t\t\t\t\t\t<a href=\"https:\/\/www.skinlabbyk.cz\/?page_id=16431&#038;lang=cs%20\">\n\t\t\t\t\t\t\t<img loading=\"lazy\" decoding=\"async\" width=\"768\" height=\"432\" src=\"https:\/\/www.skinlabbyk.cz\/wp-content\/uploads\/2026\/03\/Brown-and-Beige-Minimalist-Natural-Skincare-Product-Presentation-8-2-768x432.jpg\" class=\"attachment-medium_large size-medium_large\" alt=\"\" srcset=\"https:\/\/www.skinlabbyk.cz\/wp-content\/uploads\/2026\/03\/Brown-and-Beige-Minimalist-Natural-Skincare-Product-Presentation-8-2-768x432.jpg 768w, https:\/\/www.skinlabbyk.cz\/wp-content\/uploads\/2026\/03\/Brown-and-Beige-Minimalist-Natural-Skincare-Product-Presentation-8-2-300x169.jpg 300w, https:\/\/www.skinlabbyk.cz\/wp-content\/uploads\/2026\/03\/Brown-and-Beige-Minimalist-Natural-Skincare-Product-Presentation-8-2-1024x576.jpg 1024w, https:\/\/www.skinlabbyk.cz\/wp-content\/uploads\/2026\/03\/Brown-and-Beige-Minimalist-Natural-Skincare-Product-Presentation-8-2-1536x864.jpg 1536w, https:\/\/www.skinlabbyk.cz\/wp-content\/uploads\/2026\/03\/Brown-and-Beige-Minimalist-Natural-Skincare-Product-Presentation-8-2.jpg 1920w\" sizes=\"auto, (max-width: 768px) 100vw, 768px\" \/>\t\t\t\t\t\t\t\t<\/a>\n\t\t\t\t\t\t\t\t\t\t\t\t\t\t<\/div>\n\t\t\t\t\t\t<\/div>\n\t\t\t\t<\/div>\n\t\t\t\t\t\t<\/div>\n\t\t\t\t\t<\/div>\n\t\t<\/div>\n\t\t\t\t\t\t\t\t<\/div>\n\t\t\t\t\t<\/div>\n\t\t<\/section>\n\t\t\t\t<section class=\"elementor-section elementor-top-section elementor-element elementor-element-e8d7cbb elementor-section-boxed elementor-section-height-default elementor-section-height-default\" data-id=\"e8d7cbb\" data-element_type=\"section\">\n\t\t\t\t\t\t<div class=\"elementor-container elementor-column-gap-default\">\n\t\t\t\t\t\t\t<div class=\"elementor-row\">\n\t\t\t\t\t<div class=\"elementor-column elementor-col-50 elementor-top-column elementor-element elementor-element-bd65cc6\" data-id=\"bd65cc6\" data-element_type=\"column\">\n\t\t\t<div class=\"elementor-column-wrap elementor-element-populated\">\n\t\t\t\t\t\t\t<div class=\"elementor-widget-wrap\">\n\t\t\t\t\t\t<div class=\"elementor-element elementor-element-5cc5233 elementor-widget elementor-widget-image\" data-id=\"5cc5233\" data-element_type=\"widget\" data-widget_type=\"image.default\">\n\t\t\t\t<div class=\"elementor-widget-container\">\n\t\t\t\t\t\t\t\t<div class=\"elementor-image\">\n\t\t\t\t\t\t\t\t\t\t\t\t\t<a href=\"https:\/\/www.skinlabbyk.cz\/?page_id=1063&#038;lang=cs\">\n\t\t\t\t\t\t\t<img loading=\"lazy\" decoding=\"async\" width=\"768\" height=\"432\" src=\"https:\/\/www.skinlabbyk.cz\/wp-content\/uploads\/2026\/01\/Brown-and-Beige-Minimalist-Natural-Skincare-Product-Presentation-13-768x432.jpg\" class=\"attachment-medium_large size-medium_large\" alt=\"\" srcset=\"https:\/\/www.skinlabbyk.cz\/wp-content\/uploads\/2026\/01\/Brown-and-Beige-Minimalist-Natural-Skincare-Product-Presentation-13-768x432.jpg 768w, https:\/\/www.skinlabbyk.cz\/wp-content\/uploads\/2026\/01\/Brown-and-Beige-Minimalist-Natural-Skincare-Product-Presentation-13-300x169.jpg 300w, https:\/\/www.skinlabbyk.cz\/wp-content\/uploads\/2026\/01\/Brown-and-Beige-Minimalist-Natural-Skincare-Product-Presentation-13-1024x576.jpg 1024w, https:\/\/www.skinlabbyk.cz\/wp-content\/uploads\/2026\/01\/Brown-and-Beige-Minimalist-Natural-Skincare-Product-Presentation-13-1536x864.jpg 1536w, https:\/\/www.skinlabbyk.cz\/wp-content\/uploads\/2026\/01\/Brown-and-Beige-Minimalist-Natural-Skincare-Product-Presentation-13.jpg 1920w\" sizes=\"auto, (max-width: 768px) 100vw, 768px\" \/>\t\t\t\t\t\t\t\t<\/a>\n\t\t\t\t\t\t\t\t\t\t\t\t\t\t<\/div>\n\t\t\t\t\t\t<\/div>\n\t\t\t\t<\/div>\n\t\t\t\t\t\t<\/div>\n\t\t\t\t\t<\/div>\n\t\t<\/div>\n\t\t\t\t<div class=\"elementor-column elementor-col-50 elementor-top-column elementor-element elementor-element-b989ea6\" data-id=\"b989ea6\" data-element_type=\"column\">\n\t\t\t<div class=\"elementor-column-wrap elementor-element-populated\">\n\t\t\t\t\t\t\t<div class=\"elementor-widget-wrap\">\n\t\t\t\t\t\t<div class=\"elementor-element elementor-element-6374875 elementor-widget elementor-widget-image\" data-id=\"6374875\" data-element_type=\"widget\" data-widget_type=\"image.default\">\n\t\t\t\t<div class=\"elementor-widget-container\">\n\t\t\t\t\t\t\t\t<div class=\"elementor-image\">\n\t\t\t\t\t\t\t\t\t\t\t\t\t<a href=\"https:\/\/www.skinlabbyk.cz\/?page_id=16488&#038;lang=cs%20\">\n\t\t\t\t\t\t\t<img loading=\"lazy\" decoding=\"async\" width=\"768\" height=\"432\" src=\"https:\/\/www.skinlabbyk.cz\/wp-content\/uploads\/2026\/03\/IMG_2340-768x432.jpeg\" class=\"attachment-medium_large size-medium_large\" alt=\"\" srcset=\"https:\/\/www.skinlabbyk.cz\/wp-content\/uploads\/2026\/03\/IMG_2340-768x432.jpeg 768w, https:\/\/www.skinlabbyk.cz\/wp-content\/uploads\/2026\/03\/IMG_2340-300x169.jpeg 300w, https:\/\/www.skinlabbyk.cz\/wp-content\/uploads\/2026\/03\/IMG_2340-1024x576.jpeg 1024w, https:\/\/www.skinlabbyk.cz\/wp-content\/uploads\/2026\/03\/IMG_2340-1536x864.jpeg 1536w, https:\/\/www.skinlabbyk.cz\/wp-content\/uploads\/2026\/03\/IMG_2340.jpeg 1920w\" sizes=\"auto, (max-width: 768px) 100vw, 768px\" \/>\t\t\t\t\t\t\t\t<\/a>\n\t\t\t\t\t\t\t\t\t\t\t\t\t\t<\/div>\n\t\t\t\t\t\t<\/div>\n\t\t\t\t<\/div>\n\t\t\t\t\t\t<\/div>\n\t\t\t\t\t<\/div>\n\t\t<\/div>\n\t\t\t\t\t\t\t\t<\/div>\n\t\t\t\t\t<\/div>\n\t\t<\/section>\n\t\t\t\t<section class=\"elementor-section elementor-top-section elementor-element elementor-element-d45dc3a elementor-section-boxed elementor-section-height-default elementor-section-height-default\" data-id=\"d45dc3a\" data-element_type=\"section\">\n\t\t\t\t\t\t<div class=\"elementor-container elementor-column-gap-default\">\n\t\t\t\t\t\t\t<div class=\"elementor-row\">\n\t\t\t\t\t<div class=\"elementor-column elementor-col-50 elementor-top-column elementor-element elementor-element-084e92d\" data-id=\"084e92d\" data-element_type=\"column\">\n\t\t\t<div class=\"elementor-column-wrap elementor-element-populated\">\n\t\t\t\t\t\t\t<div class=\"elementor-widget-wrap\">\n\t\t\t\t\t\t<div class=\"elementor-element elementor-element-40959a9 elementor-widget elementor-widget-image\" data-id=\"40959a9\" data-element_type=\"widget\" data-widget_type=\"image.default\">\n\t\t\t\t<div class=\"elementor-widget-container\">\n\t\t\t\t\t\t\t\t<div class=\"elementor-image\">\n\t\t\t\t\t\t\t\t\t\t\t\t\t<a href=\"https:\/\/www.skinlabbyk.cz\/?page_id=1094&#038;lang=cs\">\n\t\t\t\t\t\t\t<img loading=\"lazy\" decoding=\"async\" width=\"768\" height=\"432\" src=\"https:\/\/www.skinlabbyk.cz\/wp-content\/uploads\/2026\/01\/Brown-and-Beige-Minimalist-Natural-Skincare-Product-Presentation-14-768x432.jpg\" class=\"attachment-medium_large size-medium_large\" alt=\"\" srcset=\"https:\/\/www.skinlabbyk.cz\/wp-content\/uploads\/2026\/01\/Brown-and-Beige-Minimalist-Natural-Skincare-Product-Presentation-14-768x432.jpg 768w, https:\/\/www.skinlabbyk.cz\/wp-content\/uploads\/2026\/01\/Brown-and-Beige-Minimalist-Natural-Skincare-Product-Presentation-14-300x169.jpg 300w, https:\/\/www.skinlabbyk.cz\/wp-content\/uploads\/2026\/01\/Brown-and-Beige-Minimalist-Natural-Skincare-Product-Presentation-14-1024x576.jpg 1024w, https:\/\/www.skinlabbyk.cz\/wp-content\/uploads\/2026\/01\/Brown-and-Beige-Minimalist-Natural-Skincare-Product-Presentation-14-1536x864.jpg 1536w, https:\/\/www.skinlabbyk.cz\/wp-content\/uploads\/2026\/01\/Brown-and-Beige-Minimalist-Natural-Skincare-Product-Presentation-14.jpg 1920w\" sizes=\"auto, (max-width: 768px) 100vw, 768px\" \/>\t\t\t\t\t\t\t\t<\/a>\n\t\t\t\t\t\t\t\t\t\t\t\t\t\t<\/div>\n\t\t\t\t\t\t<\/div>\n\t\t\t\t<\/div>\n\t\t\t\t\t\t<\/div>\n\t\t\t\t\t<\/div>\n\t\t<\/div>\n\t\t\t\t<div class=\"elementor-column elementor-col-50 elementor-top-column elementor-element elementor-element-68655df\" data-id=\"68655df\" data-element_type=\"column\">\n\t\t\t<div class=\"elementor-column-wrap elementor-element-populated\">\n\t\t\t\t\t\t\t<div class=\"elementor-widget-wrap\">\n\t\t\t\t\t\t<div class=\"elementor-element elementor-element-2e5c018 elementor-widget elementor-widget-image\" data-id=\"2e5c018\" data-element_type=\"widget\" data-widget_type=\"image.default\">\n\t\t\t\t<div class=\"elementor-widget-container\">\n\t\t\t\t\t\t\t\t<div class=\"elementor-image\">\n\t\t\t\t\t\t\t\t\t\t\t\t\t<a href=\"https:\/\/www.skinlabbyk.cz\/?page_id=1117&#038;lang=cs\">\n\t\t\t\t\t\t\t<img loading=\"lazy\" decoding=\"async\" width=\"768\" height=\"432\" src=\"https:\/\/www.skinlabbyk.cz\/wp-content\/uploads\/2026\/04\/Brown-and-Beige-Minimalist-Natural-Skincare-Product-Presentation-9-768x432.jpg\" class=\"attachment-medium_large size-medium_large\" alt=\"\" srcset=\"https:\/\/www.skinlabbyk.cz\/wp-content\/uploads\/2026\/04\/Brown-and-Beige-Minimalist-Natural-Skincare-Product-Presentation-9-768x432.jpg 768w, https:\/\/www.skinlabbyk.cz\/wp-content\/uploads\/2026\/04\/Brown-and-Beige-Minimalist-Natural-Skincare-Product-Presentation-9-300x169.jpg 300w, https:\/\/www.skinlabbyk.cz\/wp-content\/uploads\/2026\/04\/Brown-and-Beige-Minimalist-Natural-Skincare-Product-Presentation-9-1024x576.jpg 1024w, https:\/\/www.skinlabbyk.cz\/wp-content\/uploads\/2026\/04\/Brown-and-Beige-Minimalist-Natural-Skincare-Product-Presentation-9-1536x864.jpg 1536w, https:\/\/www.skinlabbyk.cz\/wp-content\/uploads\/2026\/04\/Brown-and-Beige-Minimalist-Natural-Skincare-Product-Presentation-9.jpg 1920w\" sizes=\"auto, (max-width: 768px) 100vw, 768px\" \/>\t\t\t\t\t\t\t\t<\/a>\n\t\t\t\t\t\t\t\t\t\t\t\t\t\t<\/div>\n\t\t\t\t\t\t<\/div>\n\t\t\t\t<\/div>\n\t\t\t\t\t\t<\/div>\n\t\t\t\t\t<\/div>\n\t\t<\/div>\n\t\t\t\t\t\t\t\t<\/div>\n\t\t\t\t\t<\/div>\n\t\t<\/section>\n\t\t\t\t<section class=\"elementor-section elementor-top-section elementor-element elementor-element-a11abe6 elementor-section-boxed elementor-section-height-default elementor-section-height-default\" data-id=\"a11abe6\" data-element_type=\"section\">\n\t\t\t\t\t\t<div class=\"elementor-container elementor-column-gap-default\">\n\t\t\t\t\t\t\t<div class=\"elementor-row\">\n\t\t\t\t\t<div class=\"elementor-column elementor-col-50 elementor-top-column elementor-element elementor-element-c1b1296\" data-id=\"c1b1296\" data-element_type=\"column\">\n\t\t\t<div class=\"elementor-column-wrap elementor-element-populated\">\n\t\t\t\t\t\t\t<div class=\"elementor-widget-wrap\">\n\t\t\t\t\t\t<div class=\"elementor-element elementor-element-f0de792 elementor-widget elementor-widget-image\" data-id=\"f0de792\" data-element_type=\"widget\" data-widget_type=\"image.default\">\n\t\t\t\t<div class=\"elementor-widget-container\">\n\t\t\t\t\t\t\t\t<div class=\"elementor-image\">\n\t\t\t\t\t\t\t\t\t\t\t\t\t<a href=\"https:\/\/www.skinlabbyk.cz\/?page_id=729&#038;lang=cs\">\n\t\t\t\t\t\t\t<img loading=\"lazy\" decoding=\"async\" width=\"768\" height=\"432\" src=\"https:\/\/www.skinlabbyk.cz\/wp-content\/uploads\/2025\/12\/4-768x432.jpg\" class=\"attachment-medium_large size-medium_large\" alt=\"\" srcset=\"https:\/\/www.skinlabbyk.cz\/wp-content\/uploads\/2025\/12\/4-768x432.jpg 768w, https:\/\/www.skinlabbyk.cz\/wp-content\/uploads\/2025\/12\/4-300x169.jpg 300w, https:\/\/www.skinlabbyk.cz\/wp-content\/uploads\/2025\/12\/4-1024x576.jpg 1024w, https:\/\/www.skinlabbyk.cz\/wp-content\/uploads\/2025\/12\/4-1536x864.jpg 1536w, https:\/\/www.skinlabbyk.cz\/wp-content\/uploads\/2025\/12\/4.jpg 1920w\" sizes=\"auto, (max-width: 768px) 100vw, 768px\" \/>\t\t\t\t\t\t\t\t<\/a>\n\t\t\t\t\t\t\t\t\t\t\t\t\t\t<\/div>\n\t\t\t\t\t\t<\/div>\n\t\t\t\t<\/div>\n\t\t\t\t\t\t<\/div>\n\t\t\t\t\t<\/div>\n\t\t<\/div>\n\t\t\t\t<div class=\"elementor-column elementor-col-50 elementor-top-column elementor-element elementor-element-426d86e\" data-id=\"426d86e\" data-element_type=\"column\">\n\t\t\t<div class=\"elementor-column-wrap elementor-element-populated\">\n\t\t\t\t\t\t\t<div class=\"elementor-widget-wrap\">\n\t\t\t\t\t\t<div class=\"elementor-element elementor-element-96c1d36 elementor-widget elementor-widget-image\" data-id=\"96c1d36\" data-element_type=\"widget\" data-widget_type=\"image.default\">\n\t\t\t\t<div class=\"elementor-widget-container\">\n\t\t\t\t\t\t\t\t<div class=\"elementor-image\">\n\t\t\t\t\t\t\t\t\t\t\t\t\t<a href=\"https:\/\/www.skinlabbyk.cz\/?page_id=1148&#038;lang=cs\">\n\t\t\t\t\t\t\t<img loading=\"lazy\" decoding=\"async\" width=\"768\" height=\"432\" src=\"https:\/\/www.skinlabbyk.cz\/wp-content\/uploads\/2026\/04\/Brown-and-Beige-Minimalist-Natural-Skincare-Product-Presentation-12-768x432.jpg\" class=\"attachment-medium_large size-medium_large\" alt=\"\" srcset=\"https:\/\/www.skinlabbyk.cz\/wp-content\/uploads\/2026\/04\/Brown-and-Beige-Minimalist-Natural-Skincare-Product-Presentation-12-768x432.jpg 768w, https:\/\/www.skinlabbyk.cz\/wp-content\/uploads\/2026\/04\/Brown-and-Beige-Minimalist-Natural-Skincare-Product-Presentation-12-300x169.jpg 300w, https:\/\/www.skinlabbyk.cz\/wp-content\/uploads\/2026\/04\/Brown-and-Beige-Minimalist-Natural-Skincare-Product-Presentation-12-1024x576.jpg 1024w, https:\/\/www.skinlabbyk.cz\/wp-content\/uploads\/2026\/04\/Brown-and-Beige-Minimalist-Natural-Skincare-Product-Presentation-12-1536x864.jpg 1536w, https:\/\/www.skinlabbyk.cz\/wp-content\/uploads\/2026\/04\/Brown-and-Beige-Minimalist-Natural-Skincare-Product-Presentation-12.jpg 1920w\" sizes=\"auto, (max-width: 768px) 100vw, 768px\" \/>\t\t\t\t\t\t\t\t<\/a>\n\t\t\t\t\t\t\t\t\t\t\t\t\t\t<\/div>\n\t\t\t\t\t\t<\/div>\n\t\t\t\t<\/div>\n\t\t\t\t\t\t<\/div>\n\t\t\t\t\t<\/div>\n\t\t<\/div>\n\t\t\t\t\t\t\t\t<\/div>\n\t\t\t\t\t<\/div>\n\t\t<\/section>\n\t\t\t\t<section class=\"elementor-section elementor-top-section elementor-element elementor-element-3c65eb3 elementor-section-boxed elementor-section-height-default elementor-section-height-default\" data-id=\"3c65eb3\" data-element_type=\"section\">\n\t\t\t\t\t\t<div class=\"elementor-container elementor-column-gap-default\">\n\t\t\t\t\t\t\t<div class=\"elementor-row\">\n\t\t\t\t\t<div class=\"elementor-column elementor-col-33 elementor-top-column elementor-element elementor-element-90c61e6\" data-id=\"90c61e6\" data-element_type=\"column\">\n\t\t\t<div class=\"elementor-column-wrap elementor-element-populated\">\n\t\t\t\t\t\t\t<div class=\"elementor-widget-wrap\">\n\t\t\t\t\t\t<div class=\"elementor-element elementor-element-7f377f8 elementor-widget elementor-widget-image\" data-id=\"7f377f8\" data-element_type=\"widget\" data-widget_type=\"image.default\">\n\t\t\t\t<div class=\"elementor-widget-container\">\n\t\t\t\t\t\t\t\t<div class=\"elementor-image\">\n\t\t\t\t\t\t\t\t\t\t\t\t<img loading=\"lazy\" decoding=\"async\" width=\"768\" height=\"432\" src=\"https:\/\/www.skinlabbyk.cz\/wp-content\/uploads\/2025\/12\/9-768x432.jpg\" class=\"attachment-medium_large size-medium_large\" alt=\"\" srcset=\"https:\/\/www.skinlabbyk.cz\/wp-content\/uploads\/2025\/12\/9-768x432.jpg 768w, https:\/\/www.skinlabbyk.cz\/wp-content\/uploads\/2025\/12\/9-300x169.jpg 300w, https:\/\/www.skinlabbyk.cz\/wp-content\/uploads\/2025\/12\/9-1024x576.jpg 1024w, https:\/\/www.skinlabbyk.cz\/wp-content\/uploads\/2025\/12\/9-1536x864.jpg 1536w, https:\/\/www.skinlabbyk.cz\/wp-content\/uploads\/2025\/12\/9.jpg 1920w\" sizes=\"auto, (max-width: 768px) 100vw, 768px\" \/>\t\t\t\t\t\t\t\t\t\t\t\t\t\t<\/div>\n\t\t\t\t\t\t<\/div>\n\t\t\t\t<\/div>\n\t\t\t\t\t\t<\/div>\n\t\t\t\t\t<\/div>\n\t\t<\/div>\n\t\t\t\t<div class=\"elementor-column elementor-col-33 elementor-top-column elementor-element elementor-element-3b3d169\" data-id=\"3b3d169\" data-element_type=\"column\">\n\t\t\t<div class=\"elementor-column-wrap elementor-element-populated\">\n\t\t\t\t\t\t\t<div class=\"elementor-widget-wrap\">\n\t\t\t\t\t\t<div class=\"elementor-element elementor-element-351dc0f elementor-widget elementor-widget-image\" data-id=\"351dc0f\" data-element_type=\"widget\" data-widget_type=\"image.default\">\n\t\t\t\t<div class=\"elementor-widget-container\">\n\t\t\t\t\t\t\t\t<div class=\"elementor-image\">\n\t\t\t\t\t\t\t\t\t\t\t\t\t<a href=\"https:\/\/www.skinlabbyk.cz\/?page_id=1148&#038;lang=cs\">\n\t\t\t\t\t\t\t<img loading=\"lazy\" decoding=\"async\" width=\"768\" height=\"432\" src=\"https:\/\/www.skinlabbyk.cz\/wp-content\/uploads\/2026\/01\/Brown-and-Beige-Minimalist-Natural-Skincare-Product-Presentation-11-768x432.jpg\" class=\"attachment-medium_large size-medium_large\" alt=\"\" srcset=\"https:\/\/www.skinlabbyk.cz\/wp-content\/uploads\/2026\/01\/Brown-and-Beige-Minimalist-Natural-Skincare-Product-Presentation-11-768x432.jpg 768w, https:\/\/www.skinlabbyk.cz\/wp-content\/uploads\/2026\/01\/Brown-and-Beige-Minimalist-Natural-Skincare-Product-Presentation-11-300x169.jpg 300w, https:\/\/www.skinlabbyk.cz\/wp-content\/uploads\/2026\/01\/Brown-and-Beige-Minimalist-Natural-Skincare-Product-Presentation-11-1024x576.jpg 1024w, https:\/\/www.skinlabbyk.cz\/wp-content\/uploads\/2026\/01\/Brown-and-Beige-Minimalist-Natural-Skincare-Product-Presentation-11-1536x864.jpg 1536w, https:\/\/www.skinlabbyk.cz\/wp-content\/uploads\/2026\/01\/Brown-and-Beige-Minimalist-Natural-Skincare-Product-Presentation-11.jpg 1920w\" sizes=\"auto, (max-width: 768px) 100vw, 768px\" \/>\t\t\t\t\t\t\t\t<\/a>\n\t\t\t\t\t\t\t\t\t\t\t\t\t\t<\/div>\n\t\t\t\t\t\t<\/div>\n\t\t\t\t<\/div>\n\t\t\t\t\t\t<\/div>\n\t\t\t\t\t<\/div>\n\t\t<\/div>\n\t\t\t\t<div class=\"elementor-column elementor-col-33 elementor-top-column elementor-element elementor-element-fed236a\" data-id=\"fed236a\" data-element_type=\"column\">\n\t\t\t<div class=\"elementor-column-wrap elementor-element-populated\">\n\t\t\t\t\t\t\t<div class=\"elementor-widget-wrap\">\n\t\t\t\t\t\t<div class=\"elementor-element elementor-element-db68a12 elementor-widget elementor-widget-image\" data-id=\"db68a12\" data-element_type=\"widget\" data-widget_type=\"image.default\">\n\t\t\t\t<div class=\"elementor-widget-container\">\n\t\t\t\t\t\t\t\t<div class=\"elementor-image\">\n\t\t\t\t\t\t\t\t\t\t\t\t\t<a href=\"https:\/\/www.skinlabbyk.cz\/?page_id=14771&#038;lang=cs\">\n\t\t\t\t\t\t\t<img loading=\"lazy\" decoding=\"async\" width=\"768\" height=\"432\" src=\"https:\/\/www.skinlabbyk.cz\/wp-content\/uploads\/2026\/01\/Brown-and-Beige-Minimalist-Natural-Skincare-Product-Presentation-16-768x432.jpg\" class=\"attachment-medium_large size-medium_large\" alt=\"\" srcset=\"https:\/\/www.skinlabbyk.cz\/wp-content\/uploads\/2026\/01\/Brown-and-Beige-Minimalist-Natural-Skincare-Product-Presentation-16-768x432.jpg 768w, https:\/\/www.skinlabbyk.cz\/wp-content\/uploads\/2026\/01\/Brown-and-Beige-Minimalist-Natural-Skincare-Product-Presentation-16-300x169.jpg 300w, https:\/\/www.skinlabbyk.cz\/wp-content\/uploads\/2026\/01\/Brown-and-Beige-Minimalist-Natural-Skincare-Product-Presentation-16-1024x576.jpg 1024w, https:\/\/www.skinlabbyk.cz\/wp-content\/uploads\/2026\/01\/Brown-and-Beige-Minimalist-Natural-Skincare-Product-Presentation-16-1536x864.jpg 1536w, https:\/\/www.skinlabbyk.cz\/wp-content\/uploads\/2026\/01\/Brown-and-Beige-Minimalist-Natural-Skincare-Product-Presentation-16.jpg 1920w\" sizes=\"auto, (max-width: 768px) 100vw, 768px\" \/>\t\t\t\t\t\t\t\t<\/a>\n\t\t\t\t\t\t\t\t\t\t\t\t\t\t<\/div>\n\t\t\t\t\t\t<\/div>\n\t\t\t\t<\/div>\n\t\t\t\t\t\t<\/div>\n\t\t\t\t\t<\/div>\n\t\t<\/div>\n\t\t\t\t\t\t\t\t<\/div>\n\t\t\t\t\t<\/div>\n\t\t<\/section>\n\t\t\t\t<section class=\"elementor-section elementor-top-section elementor-element elementor-element-fe1f46a elementor-section-boxed elementor-section-height-default elementor-section-height-default\" data-id=\"fe1f46a\" data-element_type=\"section\">\n\t\t\t\t\t\t<div class=\"elementor-container elementor-column-gap-default\">\n\t\t\t\t\t\t\t<div class=\"elementor-row\">\n\t\t\t\t\t<div class=\"elementor-column elementor-col-100 elementor-top-column elementor-element elementor-element-4b59412\" data-id=\"4b59412\" data-element_type=\"column\">\n\t\t\t<div class=\"elementor-column-wrap\">\n\t\t\t\t\t\t\t<div class=\"elementor-widget-wrap\">\n\t\t\t\t\t\t\t\t<\/div>\n\t\t\t\t\t<\/div>\n\t\t<\/div>\n\t\t\t\t\t\t\t\t<\/div>\n\t\t\t\t\t<\/div>\n\t\t<\/section>\n\t\t\t\t<section class=\"elementor-section elementor-top-section elementor-element elementor-element-2719e72 elementor-section-boxed elementor-section-height-default elementor-section-height-default\" data-id=\"2719e72\" data-element_type=\"section\">\n\t\t\t\t\t\t<div class=\"elementor-container elementor-column-gap-default\">\n\t\t\t\t\t\t\t<div class=\"elementor-row\">\n\t\t\t\t\t<div class=\"elementor-column elementor-col-100 elementor-top-column elementor-element elementor-element-37faeeb\" data-id=\"37faeeb\" data-element_type=\"column\">\n\t\t\t<div class=\"elementor-column-wrap elementor-element-populated\">\n\t\t\t\t\t\t\t<div class=\"elementor-widget-wrap\">\n\t\t\t\t\t\t<div class=\"elementor-element elementor-element-95fa204 elementor-widget elementor-widget-text-editor\" data-id=\"95fa204\" data-element_type=\"widget\" data-widget_type=\"text-editor.default\">\n\t\t\t\t<div class=\"elementor-widget-container\">\n\t\t\t\t\t\t\t\t<div class=\"elementor-text-editor elementor-clearfix\">\n\t\t\t\t\t\t\t\t\t<\/div>\n\t\t\t\t\t\t<\/div>\n\t\t\t\t<\/div>\n\t\t\t\t\t\t<\/div>\n\t\t\t\t\t<\/div>\n\t\t<\/div>\n\t\t\t\t\t\t\t\t<\/div>\n\t\t\t\t\t<\/div>\n\t\t<\/section>\n\t\t\t\t\t\t<\/div>\n\t\t\t\t\t\t<\/div>\n\t\t\t\t\t<\/div>\n\t\t","protected":false},"excerpt":{"rendered":"<p> [&hellip;]<\/p>\n","protected":false},"author":1,"featured_media":0,"parent":0,"menu_order":0,"comment_status":"closed","ping_status":"closed","template":"","meta":{"footnotes":""},"class_list":["post-20","page","type-page","status-publish","hentry"],"_links":{"self":[{"href":"https:\/\/www.skinlabbyk.cz\/index.php?rest_route=\/wp\/v2\/pages\/20","targetHints":{"allow":["GET"]}}],"collection":[{"href":"https:\/\/www.skinlabbyk.cz\/index.php?rest_route=\/wp\/v2\/pages"}],"about":[{"href":"https:\/\/www.skinlabbyk.cz\/index.php?rest_route=\/wp\/v2\/types\/page"}],"author":[{"embeddable":true,"href":"https:\/\/www.skinlabbyk.cz\/index.php?rest_route=\/wp\/v2\/users\/1"}],"replies":[{"embeddable":true,"href":"https:\/\/www.skinlabbyk.cz\/index.php?rest_route=%2Fwp%2Fv2%2Fcomments&post=20"}],"version-history":[{"count":424,"href":"https:\/\/www.skinlabbyk.cz\/index.php?rest_route=\/wp\/v2\/pages\/20\/revisions"}],"predecessor-version":[{"id":16811,"href":"https:\/\/www.skinlabbyk.cz\/index.php?rest_route=\/wp\/v2\/pages\/20\/revisions\/16811"}],"wp:attachment":[{"href":"https:\/\/www.skinlabbyk.cz\/index.php?rest_route=%2Fwp%2Fv2%2Fmedia&parent=20"}],"curies":[{"name":"wp","href":"https:\/\/api.w.org\/{rel}","templated":true}]}}