{"id":249,"date":"2020-10-11T08:25:59","date_gmt":"2020-10-11T08:25:59","guid":{"rendered":"http:\/\/www.skinlabbyk.cz\/?page_id=249"},"modified":"2026-03-27T19:26:28","modified_gmt":"2026-03-27T19:26:28","slug":"about-skinlab","status":"publish","type":"page","link":"https:\/\/www.skinlabbyk.cz\/","title":{"rendered":"ABOUT SKINLAB BY K"},"content":{"rendered":"\t\t<div data-elementor-type=\"wp-page\" data-elementor-id=\"249\" class=\"elementor elementor-249\" data-elementor-settings=\"[]\">\n\t\t\t\t\t\t<div class=\"elementor-inner\">\n\t\t\t\t\t\t\t<div class=\"elementor-section-wrap\">\n\t\t\t\t\t\t\t<section class=\"elementor-section elementor-top-section elementor-element elementor-element-da09147 elementor-section-boxed elementor-section-height-default elementor-section-height-default\" data-id=\"da09147\" data-element_type=\"section\">\n\t\t\t\t\t\t<div class=\"elementor-container elementor-column-gap-default\">\n\t\t\t\t\t\t\t<div class=\"elementor-row\">\n\t\t\t\t\t<div class=\"elementor-column elementor-col-100 elementor-top-column elementor-element elementor-element-8798ceb\" data-id=\"8798ceb\" data-element_type=\"column\">\n\t\t\t<div class=\"elementor-column-wrap elementor-element-populated\">\n\t\t\t\t\t\t\t<div class=\"elementor-widget-wrap\">\n\t\t\t\t\t\t<div class=\"elementor-element elementor-element-c8980ab elementor-widget elementor-widget-text-editor\" data-id=\"c8980ab\" data-element_type=\"widget\" data-widget_type=\"text-editor.default\">\n\t\t\t\t<div class=\"elementor-widget-container\">\n\t\t\t\t\t\t\t\t<div class=\"elementor-text-editor elementor-clearfix\">\n\t\t\t\t<p style=\"text-align: center;\"><em><strong><span style=\"color: #000000;\">&#8220;Beauty is not a goal, but a natural consequence of the balance of body, mind and time&#8221;<\/span><\/strong><\/em><\/p><h3 style=\"text-align: center;\"><em><strong><span style=\"color: #000000;\">Welcome to Skinlab by K<\/span><\/strong><\/em><\/h3><p style=\"text-align: center;\"><em><strong><span style=\"color: #000000;\">Longevity Skin Concept<\/span><\/strong><\/em><\/p><p style=\"text-align: center;\"><span style=\"color: #000000;\">A place that combines precise cosmetic science with a conscious approach to skin, hair and body care. Each treatment is designed to activate natural regeneration processes and support long-term vitality of the skin &#8211; without invasive interventions, with respect for nature.<\/span><\/p><p style=\"text-align: center;\"><span style=\"color: #000000;\">The salon offers a comprehensive range of services based on the most modern scientific procedures and technologies. Our approaches combine aesthetic care, dermatological know-how and longevity principles, which allows us to achieve visible and lasting results.<\/span><\/p><p style=\"text-align: center;\"><span style=\"color: #000000;\">Each treatment at Skinlab by K is supported by premium brands that combine scientific precision and visible results &#8211; for example, Medik8, M.A.D., Mesosystem, Idenel, Invity or Skeyndor. The choice of brands reflects our philosophy: effective, innovative and safe care that supports long-term vitality of skin and hair.<\/span><\/p><p style=\"text-align: center;\"><span style=\"color: #000000;\">Regularly, every year, the salon is enriched with the latest innovative treatments and procedures from abroad, which ensures that our clients always have access to modern, effective and interesting services. And that is why you will definitely not get bored with us!<\/span><\/p><p style=\"text-align: center;\"><span style=\"color: #000000;\">Every detail in Skinlab by K reflects the philosophy of balance: between scientific precision, an individual approach to the client&#8217;s needs and care for the overall vitality of body and mind.<\/span><\/p><p style=\"text-align: center;\"><span style=\"color: #000000;\">The salon also develops professionals through an original TRAINING PROGRAM that increases expertise, product knowledge and business skills in the field of beauty and health.<\/span><\/p><p style=\"text-align: center;\"><span style=\"color: #000000;\">At Skinlab by K, we believe that beauty is not the result of chance, but the result of thoughtful care and balance &#8211; and this philosophy is lived out in every aspect of our space.<\/span><\/p>\t\t\t\t\t<\/div>\n\t\t\t\t\t\t<\/div>\n\t\t\t\t<\/div>\n\t\t\t\t\t\t<\/div>\n\t\t\t\t\t<\/div>\n\t\t<\/div>\n\t\t\t\t\t\t\t\t<\/div>\n\t\t\t\t\t<\/div>\n\t\t<\/section>\n\t\t\t\t<section class=\"elementor-section elementor-top-section elementor-element elementor-element-ef492b1 elementor-section-boxed elementor-section-height-default elementor-section-height-default\" data-id=\"ef492b1\" data-element_type=\"section\">\n\t\t\t\t\t\t<div class=\"elementor-container elementor-column-gap-default\">\n\t\t\t\t\t\t\t<div class=\"elementor-row\">\n\t\t\t\t\t<div class=\"elementor-column elementor-col-100 elementor-top-column elementor-element elementor-element-1d411cf\" data-id=\"1d411cf\" data-element_type=\"column\">\n\t\t\t<div class=\"elementor-column-wrap elementor-element-populated\">\n\t\t\t\t\t\t\t<div class=\"elementor-widget-wrap\">\n\t\t\t\t\t\t<div class=\"elementor-element elementor-element-1c7799f elementor-widget-divider--view-line elementor-widget elementor-widget-divider\" data-id=\"1c7799f\" data-element_type=\"widget\" data-widget_type=\"divider.default\">\n\t\t\t\t<div class=\"elementor-widget-container\">\n\t\t\t\t\t<div class=\"elementor-divider\">\n\t\t\t<span class=\"elementor-divider-separator\">\n\t\t\t\t\t\t<\/span>\n\t\t<\/div>\n\t\t\t\t<\/div>\n\t\t\t\t<\/div>\n\t\t\t\t\t\t<\/div>\n\t\t\t\t\t<\/div>\n\t\t<\/div>\n\t\t\t\t\t\t\t\t<\/div>\n\t\t\t\t\t<\/div>\n\t\t<\/section>\n\t\t\t\t<section class=\"elementor-section elementor-top-section elementor-element elementor-element-acf8f82 elementor-section-boxed elementor-section-height-default elementor-section-height-default\" data-id=\"acf8f82\" data-element_type=\"section\">\n\t\t\t\t\t\t<div class=\"elementor-container elementor-column-gap-default\">\n\t\t\t\t\t\t\t<div class=\"elementor-row\">\n\t\t\t\t\t<div class=\"elementor-column elementor-col-50 elementor-top-column elementor-element elementor-element-989c8fb\" data-id=\"989c8fb\" data-element_type=\"column\">\n\t\t\t<div class=\"elementor-column-wrap elementor-element-populated\">\n\t\t\t\t\t\t\t<div class=\"elementor-widget-wrap\">\n\t\t\t\t\t\t<div class=\"elementor-element elementor-element-a2a403c elementor-widget elementor-widget-text-editor\" data-id=\"a2a403c\" data-element_type=\"widget\" data-widget_type=\"text-editor.default\">\n\t\t\t\t<div class=\"elementor-widget-container\">\n\t\t\t\t\t\t\t\t<div class=\"elementor-text-editor elementor-clearfix\">\n\t\t\t\t<p style=\"text-align: center;\"><em><strong><span style=\"color: #000000;\">Bc. Katar\u00edna Hn\u00edzdil Sedlia\u010dikov\u00e1 \u2013 founder of Skinlab by K and trainer of the training program<\/span><\/strong><\/em><\/p><p style=\"text-align: center;\"><em><span style=\"color: #000000;\">Skin, hair and body care is my lifelong passion. I started my professional career at the age of sixteen by studying beauty and health, and since then I have systematically devoted myself to researching the principles of skin longevity.<\/span><\/em><\/p><p style=\"text-align: center;\"><em><span style=\"color: #000000;\">With my education in psychology, management and therapy\/healthcare, supplemented by professional courses in the Czech Republic, Great Britain, France, Spain and Slovakia, I have gained comprehensive knowledge that allows me to connect a scientific approach, aesthetics and inner balance into an integrated skin care concept.<\/span><\/em><\/p><p style=\"text-align: center;\"><em><span style=\"color: #000000;\">In 2020, I founded Skinlab by K, a space reflecting the philosophy of integral care. In line with the motto: <strong>&#8220;Beauty is not a goal, but a natural consequence of the balance of body, mind and time,&#8221;<\/strong> Skinlab by K presents the concept of a Beauty Hair Health salon, where precise cosmetic science combines with a conscious and individual approach.<\/span><\/em><\/p><p style=\"text-align: center;\"><em><span style=\"color: #000000;\">Part of my professional activity is also professional training for cosmetic companies, not only within the Czech Republic, but also abroad.<\/span><\/em><\/p>\t\t\t\t\t<\/div>\n\t\t\t\t\t\t<\/div>\n\t\t\t\t<\/div>\n\t\t\t\t\t\t<\/div>\n\t\t\t\t\t<\/div>\n\t\t<\/div>\n\t\t\t\t<div class=\"elementor-column elementor-col-50 elementor-top-column elementor-element elementor-element-0243346\" data-id=\"0243346\" data-element_type=\"column\">\n\t\t\t<div class=\"elementor-column-wrap elementor-element-populated\">\n\t\t\t\t\t\t\t<div class=\"elementor-widget-wrap\">\n\t\t\t\t\t\t<div class=\"elementor-element elementor-element-4ff65f0 elementor-widget elementor-widget-image\" data-id=\"4ff65f0\" data-element_type=\"widget\" data-widget_type=\"image.default\">\n\t\t\t\t<div class=\"elementor-widget-container\">\n\t\t\t\t\t\t\t\t<div class=\"elementor-image\">\n\t\t\t\t\t\t\t\t\t\t\t\t<img loading=\"lazy\" decoding=\"async\" width=\"768\" height=\"1446\" src=\"https:\/\/www.skinlabbyk.cz\/wp-content\/uploads\/2026\/03\/IMG_2389-2-768x1446.jpg\" class=\"attachment-medium_large size-medium_large\" alt=\"\" srcset=\"https:\/\/www.skinlabbyk.cz\/wp-content\/uploads\/2026\/03\/IMG_2389-2-768x1446.jpg 768w, https:\/\/www.skinlabbyk.cz\/wp-content\/uploads\/2026\/03\/IMG_2389-2-159x300.jpg 159w, https:\/\/www.skinlabbyk.cz\/wp-content\/uploads\/2026\/03\/IMG_2389-2-544x1024.jpg 544w, https:\/\/www.skinlabbyk.cz\/wp-content\/uploads\/2026\/03\/IMG_2389-2.jpg 793w\" sizes=\"auto, (max-width: 768px) 100vw, 768px\" \/>\t\t\t\t\t\t\t\t\t\t\t\t\t\t<\/div>\n\t\t\t\t\t\t<\/div>\n\t\t\t\t<\/div>\n\t\t\t\t\t\t<\/div>\n\t\t\t\t\t<\/div>\n\t\t<\/div>\n\t\t\t\t\t\t\t\t<\/div>\n\t\t\t\t\t<\/div>\n\t\t<\/section>\n\t\t\t\t<section class=\"elementor-section elementor-top-section elementor-element elementor-element-c078383 elementor-section-boxed elementor-section-height-default elementor-section-height-default\" data-id=\"c078383\" data-element_type=\"section\">\n\t\t\t\t\t\t<div class=\"elementor-container elementor-column-gap-default\">\n\t\t\t\t\t\t\t<div class=\"elementor-row\">\n\t\t\t\t\t<div class=\"elementor-column elementor-col-100 elementor-top-column elementor-element elementor-element-7462cf3\" data-id=\"7462cf3\" data-element_type=\"column\">\n\t\t\t<div class=\"elementor-column-wrap elementor-element-populated\">\n\t\t\t\t\t\t\t<div class=\"elementor-widget-wrap\">\n\t\t\t\t\t\t<div class=\"elementor-element elementor-element-f7ba489 elementor-widget-divider--view-line elementor-widget elementor-widget-divider\" data-id=\"f7ba489\" data-element_type=\"widget\" data-widget_type=\"divider.default\">\n\t\t\t\t<div class=\"elementor-widget-container\">\n\t\t\t\t\t<div class=\"elementor-divider\">\n\t\t\t<span class=\"elementor-divider-separator\">\n\t\t\t\t\t\t<\/span>\n\t\t<\/div>\n\t\t\t\t<\/div>\n\t\t\t\t<\/div>\n\t\t\t\t\t\t<\/div>\n\t\t\t\t\t<\/div>\n\t\t<\/div>\n\t\t\t\t\t\t\t\t<\/div>\n\t\t\t\t\t<\/div>\n\t\t<\/section>\n\t\t\t\t<section class=\"elementor-section elementor-top-section elementor-element elementor-element-1881044 elementor-section-boxed elementor-section-height-default elementor-section-height-default\" data-id=\"1881044\" data-element_type=\"section\">\n\t\t\t\t\t\t<div class=\"elementor-container elementor-column-gap-default\">\n\t\t\t\t\t\t\t<div class=\"elementor-row\">\n\t\t\t\t\t<div class=\"elementor-column elementor-col-100 elementor-top-column elementor-element elementor-element-ef34dfe\" data-id=\"ef34dfe\" data-element_type=\"column\">\n\t\t\t<div class=\"elementor-column-wrap elementor-element-populated\">\n\t\t\t\t\t\t\t<div class=\"elementor-widget-wrap\">\n\t\t\t\t\t\t<div class=\"elementor-element elementor-element-8dd6e6b elementor-widget elementor-widget-text-editor\" data-id=\"8dd6e6b\" data-element_type=\"widget\" data-widget_type=\"text-editor.default\">\n\t\t\t\t<div class=\"elementor-widget-container\">\n\t\t\t\t\t\t\t\t<div class=\"elementor-text-editor elementor-clearfix\">\n\t\t\t\t<p style=\"text-align: center;\"><span style=\"color: #000000;\"><strong>&#8220;Reviews&#8221;<\/strong><\/span><\/p>\t\t\t\t\t<\/div>\n\t\t\t\t\t\t<\/div>\n\t\t\t\t<\/div>\n\t\t\t\t<div class=\"elementor-element elementor-element-2af9817 elementor-widget-divider--view-line elementor-widget elementor-widget-divider\" data-id=\"2af9817\" data-element_type=\"widget\" data-widget_type=\"divider.default\">\n\t\t\t\t<div class=\"elementor-widget-container\">\n\t\t\t\t\t<div class=\"elementor-divider\">\n\t\t\t<span class=\"elementor-divider-separator\">\n\t\t\t\t\t\t<\/span>\n\t\t<\/div>\n\t\t\t\t<\/div>\n\t\t\t\t<\/div>\n\t\t\t\t\t\t<\/div>\n\t\t\t\t\t<\/div>\n\t\t<\/div>\n\t\t\t\t\t\t\t\t<\/div>\n\t\t\t\t\t<\/div>\n\t\t<\/section>\n\t\t\t\t<section class=\"elementor-section elementor-top-section elementor-element elementor-element-3886c75 elementor-section-boxed elementor-section-height-default elementor-section-height-default\" data-id=\"3886c75\" data-element_type=\"section\">\n\t\t\t\t\t\t<div class=\"elementor-container elementor-column-gap-default\">\n\t\t\t\t\t\t\t<div class=\"elementor-row\">\n\t\t\t\t\t<div class=\"elementor-column elementor-col-100 elementor-top-column elementor-element elementor-element-223c980\" data-id=\"223c980\" data-element_type=\"column\">\n\t\t\t<div class=\"elementor-column-wrap\">\n\t\t\t\t\t\t\t<div class=\"elementor-widget-wrap\">\n\t\t\t\t\t\t\t\t<\/div>\n\t\t\t\t\t<\/div>\n\t\t<\/div>\n\t\t\t\t\t\t\t\t<\/div>\n\t\t\t\t\t<\/div>\n\t\t<\/section>\n\t\t\t\t<section class=\"elementor-section elementor-top-section elementor-element elementor-element-8209024 elementor-section-boxed elementor-section-height-default elementor-section-height-default\" data-id=\"8209024\" data-element_type=\"section\">\n\t\t\t\t\t\t<div class=\"elementor-container elementor-column-gap-default\">\n\t\t\t\t\t\t\t<div class=\"elementor-row\">\n\t\t\t\t\t<div class=\"elementor-column elementor-col-50 elementor-top-column elementor-element elementor-element-86557c7\" data-id=\"86557c7\" data-element_type=\"column\">\n\t\t\t<div class=\"elementor-column-wrap elementor-element-populated\">\n\t\t\t\t\t\t\t<div class=\"elementor-widget-wrap\">\n\t\t\t\t\t\t<div class=\"elementor-element elementor-element-b49dd21 elementor-widget elementor-widget-image\" data-id=\"b49dd21\" data-element_type=\"widget\" data-widget_type=\"image.default\">\n\t\t\t\t<div class=\"elementor-widget-container\">\n\t\t\t\t\t\t\t\t<div class=\"elementor-image\">\n\t\t\t\t\t\t\t\t\t\t\t\t<img loading=\"lazy\" decoding=\"async\" width=\"1024\" height=\"1024\" src=\"https:\/\/www.skinlabbyk.cz\/wp-content\/uploads\/2026\/03\/Black-Simple-Review-Instagram-Post-1-1-1024x1024.png\" class=\"attachment-large size-large\" alt=\"\" srcset=\"https:\/\/www.skinlabbyk.cz\/wp-content\/uploads\/2026\/03\/Black-Simple-Review-Instagram-Post-1-1-1024x1024.png 1024w, https:\/\/www.skinlabbyk.cz\/wp-content\/uploads\/2026\/03\/Black-Simple-Review-Instagram-Post-1-1-300x300.png 300w, https:\/\/www.skinlabbyk.cz\/wp-content\/uploads\/2026\/03\/Black-Simple-Review-Instagram-Post-1-1-150x150.png 150w, https:\/\/www.skinlabbyk.cz\/wp-content\/uploads\/2026\/03\/Black-Simple-Review-Instagram-Post-1-1-768x768.png 768w, https:\/\/www.skinlabbyk.cz\/wp-content\/uploads\/2026\/03\/Black-Simple-Review-Instagram-Post-1-1.png 1080w\" sizes=\"auto, (max-width: 1024px) 100vw, 1024px\" \/>\t\t\t\t\t\t\t\t\t\t\t\t\t\t<\/div>\n\t\t\t\t\t\t<\/div>\n\t\t\t\t<\/div>\n\t\t\t\t\t\t<\/div>\n\t\t\t\t\t<\/div>\n\t\t<\/div>\n\t\t\t\t<div class=\"elementor-column elementor-col-50 elementor-top-column elementor-element elementor-element-f569022\" data-id=\"f569022\" data-element_type=\"column\">\n\t\t\t<div class=\"elementor-column-wrap elementor-element-populated\">\n\t\t\t\t\t\t\t<div class=\"elementor-widget-wrap\">\n\t\t\t\t\t\t<div class=\"elementor-element elementor-element-5a0d738 elementor-widget elementor-widget-image\" data-id=\"5a0d738\" data-element_type=\"widget\" data-widget_type=\"image.default\">\n\t\t\t\t<div class=\"elementor-widget-container\">\n\t\t\t\t\t\t\t\t<div class=\"elementor-image\">\n\t\t\t\t\t\t\t\t\t\t\t\t<img loading=\"lazy\" decoding=\"async\" width=\"1024\" height=\"1024\" src=\"https:\/\/www.skinlabbyk.cz\/wp-content\/uploads\/2026\/03\/Black-Simple-Review-Instagram-Post-2-1024x1024.png\" class=\"attachment-large size-large\" alt=\"\" srcset=\"https:\/\/www.skinlabbyk.cz\/wp-content\/uploads\/2026\/03\/Black-Simple-Review-Instagram-Post-2-1024x1024.png 1024w, https:\/\/www.skinlabbyk.cz\/wp-content\/uploads\/2026\/03\/Black-Simple-Review-Instagram-Post-2-300x300.png 300w, https:\/\/www.skinlabbyk.cz\/wp-content\/uploads\/2026\/03\/Black-Simple-Review-Instagram-Post-2-150x150.png 150w, https:\/\/www.skinlabbyk.cz\/wp-content\/uploads\/2026\/03\/Black-Simple-Review-Instagram-Post-2-768x768.png 768w, https:\/\/www.skinlabbyk.cz\/wp-content\/uploads\/2026\/03\/Black-Simple-Review-Instagram-Post-2.png 1080w\" sizes=\"auto, (max-width: 1024px) 100vw, 1024px\" \/>\t\t\t\t\t\t\t\t\t\t\t\t\t\t<\/div>\n\t\t\t\t\t\t<\/div>\n\t\t\t\t<\/div>\n\t\t\t\t\t\t<\/div>\n\t\t\t\t\t<\/div>\n\t\t<\/div>\n\t\t\t\t\t\t\t\t<\/div>\n\t\t\t\t\t<\/div>\n\t\t<\/section>\n\t\t\t\t\t\t<\/div>\n\t\t\t\t\t\t<\/div>\n\t\t\t\t\t<\/div>\n\t\t","protected":false},"excerpt":{"rendered":"<p>&#8220;Beauty is not a goal, but a natural consequence of the balance of [&hellip;]<\/p>\n","protected":false},"author":1,"featured_media":0,"parent":0,"menu_order":0,"comment_status":"closed","ping_status":"closed","template":"","meta":{"footnotes":""},"class_list":["post-249","page","type-page","status-publish","hentry"],"_links":{"self":[{"href":"https:\/\/www.skinlabbyk.cz\/index.php?rest_route=\/wp\/v2\/pages\/249","targetHints":{"allow":["GET"]}}],"collection":[{"href":"https:\/\/www.skinlabbyk.cz\/index.php?rest_route=\/wp\/v2\/pages"}],"about":[{"href":"https:\/\/www.skinlabbyk.cz\/index.php?rest_route=\/wp\/v2\/types\/page"}],"author":[{"embeddable":true,"href":"https:\/\/www.skinlabbyk.cz\/index.php?rest_route=\/wp\/v2\/users\/1"}],"replies":[{"embeddable":true,"href":"https:\/\/www.skinlabbyk.cz\/index.php?rest_route=%2Fwp%2Fv2%2Fcomments&post=249"}],"version-history":[{"count":118,"href":"https:\/\/www.skinlabbyk.cz\/index.php?rest_route=\/wp\/v2\/pages\/249\/revisions"}],"predecessor-version":[{"id":16751,"href":"https:\/\/www.skinlabbyk.cz\/index.php?rest_route=\/wp\/v2\/pages\/249\/revisions\/16751"}],"wp:attachment":[{"href":"https:\/\/www.skinlabbyk.cz\/index.php?rest_route=%2Fwp%2Fv2%2Fmedia&parent=249"}],"curies":[{"name":"wp","href":"https:\/\/api.w.org\/{rel}","templated":true}]}}